 = -x**3 - 3*x**2 - 2. Let a = 4 - 8. Calculate the remainder when f(8) is divided by y(a).
12
Let m(x) = -x**3 + 7*x**2 - 5*x + 1. Let v = -40 - -60. Let o = v + -11. Calculate the remainder when m(5) is divided by o.
8
Suppose -13 = -l + 4*s, 0*l - 4*s - 23 = -3*l. Suppose -l*j + 90 = -80. Calculate the remainder when j is divided by 9.
7
What is the remainder when 35 is divided by (3 - (2 + 3)) + 21?
16
Let n be ((-26)/(-4))/((-2)/(-4)). Suppose 3*w = 5*j - 19, -6*j + n = -j - w. What is the remainder when ((-1)/j)/(3/(-114)) is divided by 7?
5
Let o(m) = -6*m - 6. Let q be (-4)/(-10) - (-43)/5. Suppose -2*f - s + 1 = q, -2*f = -5*s + 32. What is the remainder when o(f) is divided by 16?
14
Suppose 0 = -7*j + 4*j + 81. Calculate the remainder when 104 is divided by j.
23
Let j(l) = 28*l**3 - 2*l**2 + 3*l - 2. Calculate the remainder when j(1) is divided by 7.
6
Let j = -113 + 130. Suppose 0 = 5*r - 2*r - 150. Calculate the remainder when r is divided by j.
16
What is the remainder when (11 + -7)/((-6)/(-141)) is divided by 19?
18
Let p(r) = r**2 + 3. Calculate the remainder when 47 is divided by p(-3).
11
Let b(i) = -i**2 - 8*i + 10. Let y be b(-8). Suppose 6*s - y*s + 92 = 0. Calculate the remainder when 45 is divided by s.
22
Let z(c) = 7*c + 7. Suppose -2*l - 3*l + 60 = 0. Calculate the remainder when z(4) is divided by l.
11
Suppose -3*g = 2*g + 3*n - 62, 0 = -2*n + 8. Calculate the remainder when 16 is divided by g.
6
Suppose -26 = 2*r + 2*x, -8*x + 4*x = 5*r + 61. Suppose 0 = -2*p + 54 - 6. What is the remainder when p is divided by (14 - 2)*r/(-12)?
6
Let t be (-792)/21 - (-2)/(-7). What is the remainder when (t/(-8))/(2/8) is divided by 7?
5
Let f(g) = 46*g + 4. Let k(b) = 3*b**3 - b**2. Let o be k(1). What is the remainder when f(o) is divided by 33?
30
Let d(j) = -j**3 + 8*j**2 + 8*j + 12. Let l be d(9). Let g(q) = -3 + l*q + 2*q - q. What is the remainder when 9 is divided by g(2)?
4
Calculate the remainder when 10 + 51 - (-2)/(-1) is divided by 16.
11
Suppose -8*z + 3*z + 5*l = -55, -2*z + 4*l + 26 = 0. Calculate the remainder when 26 is divided by z.
8
Let p(y) = y - 3. Let j be p(4). Let g(r) = 6*r - 3*r - j + 0*r. What is the remainder when 27 is divided by g(5)?
13
Suppose 4*u - 5 + 1 = 0. Calculate the remainder when u*(-4)/6*-48 is divided by 11.
10
Suppose -4*b - 4 = -16. Suppose -4*h + 36 = 5*l, 27 = h + 2*h - b*l. Calculate the remainder when 17 is divided by h.
8
Let v be 5/20 + 130/(-8). Let d = -1 - v. What is the remainder when d is divided by 9?
6
Suppose 3*l - 137 = l + 5*v, -5*l + 3*v + 371 = 0. Suppose l = 3*n + n. Calculate the remainder when 37 is divided by n.
18
Let y be ((-6)/(-5))/((-2)/(-5)). Let r = y + 1. Calculate the remainder when 7 is divided by r.
3
What is the remainder when 51/7 - (-1 - 9/(-7)) is divided by 2?
1
Suppose -i + 0*r - 5*r - 15 = 0, 0 = i + 3*r + 5. What is the remainder when i is divided by (-5)/(-30) + (-70)/(-12)?
4
Suppose 27 + 74 = 5*r - 4*u, -4*r = -5*u - 79. Suppose z + 4 - 12 = 0. Calculate the remainder when r is divided by (7 + -3)*22/z.
10
Suppose -x = -5*m + 129, 0 = -5*m - 4*x + 126 - 17. Calculate the remainder when m is divided by 7.
4
Let f be 9/(-15)*(-175)/5. Let n = f - 0. Let r = 144 + -82. What is the remainder when r is divided by n?
20
Calculate the remainder when (208/6)/((-9)/(-27)) is divided by 21.
20
Let y(j) = -2*j**2 - 34*j - 14. What is the remainder when y(-16) is divided by 12?
6
Suppose k - 6*k = 0. Suppose -j + 26 = -0*j + 4*m, -3*j - 5*m + 57 = k. What is the remainder when 54 is divided by j?
12
Let t(h) = -h**3 - 2*h**2 + 5*h - 1. Let l be t(-4). Suppose -4*p + 65 = -l. Let a = 4 + 3. What is the remainder when p is divided by a?
5
Suppose 15 = -2*l - l. Let y = 11 + l. Calculate the remainder when 10 is divided by y.
4
Suppose -4*c + 4*a = -56, -a = -5*c + 2*a + 70. What is the remainder when 49 is divided by c?
7
Suppose -8 - 12 = -s. Suppose 3*q - c + 32 = -q, -2*q + 5*c - 34 = 0. Calculate the remainder when s is divided by (0/3 + -1)*q.
6
Let d(r) = -r + 8. Let o be d(6). Suppose o*l - 5*k = 105, 0*l - k = 3*l - 166. What is the remainder when l is divided by 28?
27
What is the remainder when 58 is divided by (6/(-12))/((-1)/24 - 0)?
10
Let m(i) = i**3 + 6*i**2 - 18*i + 12. Calculate the remainder when 55 is divided by m(-8).
27
Let r = 2 - 3. Let z be 1940/15 - r/(-3). Suppose -5*u + z = -26. What is the remainder when u is divided by 16?
15
Let i(p) = 4*p - 1. Let b be i(-2). Let d = 2 - b. What is the remainder when 31 is divided by d?
9
Let f(j) = -j**2 - j. Let o be f(-1). Suppose o*v - 10 = -v. Calculate the remainder when 37 is divided by v.
7
Let g(r) = -14*r - 43. Calculate the remainder when g(-6) is divided by (-1)/1 + (13 - 1).
8
Let m(q) = 16*q**2 - q + 1. What is the remainder when 29 is divided by m(1)?
13
Let s = 163 + -77. Let q = -42 + s. Calculate the remainder when q is divided by 9.
8
Let g(m) = -12*m - 11. Calculate the remainder when g(-4) is divided by 14.
9
Let t(n) = 5*n - 10. What is the remainder when t(9) is divided by 9?
8
Let k(x) = -x**2 + 8*x - 3. Suppose -26*t + 6*t = -660. What is the remainder when t is divided by k(6)?
6
Let m(q) = q**3 + 2*q**2 - q. What is the remainder when 9 is divided by m(1)?
1
Let h = -10 + 21. Suppose 2*l = -3*l + 5. Suppose 4*n = -l + 25. Calculate the remainder when h is divided by n.
5
Let k = -6 - -29. What is the remainder when -4*1/(-2)*k is divided by 12?
10
Suppose -5*f = -3*n - 1 - 18, -5*f + 33 = 4*n. Let k be n/(-2)*(-228)/2. Suppose y - k = -2*y. What is the remainder when y is divided by 13?
12
Let d be ((-4)/(-6))/((-2)/3). Let a = 1 - -4. Let g = a + d. What is the remainder when 6 is divided by g?
2
Let i = 28 + -13. What is the remainder when 74 is divided by i?
14
Suppose 2*x + 8 = -3*a + 6*a, -2*a + 12 = 2*x. Let z be 0 + x + (-1 - 6). Let y(s) = 2*s**2 + 3*s + 2. What is the remainder when y(z) is divided by 13?
11
Let h(d) = d - 6. Let n be h(8). Suppose -n*u + u - 12 = 0. What is the remainder when 13 is divided by u/42 + (-74)/(-14)?
3
Suppose -7*p + 3*p + 2*m + 14 = 0, 3*p = 5*m + 28. Let y(i) = 34*i**2 - i. Calculate the remainder when y(p) is divided by 9.
6
Let m(b) = 5*b**2 - 2*b + 1. What is the remainder when 49 is divided by m(2)?
15
Suppose r + 0*r = 8. Suppose 0 = g + 3 + 1, -3*u + 54 = 3*g. What is the remainder when u is divided by r?
6
Let j = -37 - -61. What is the remainder when 71 is divided by j?
23
What is the remainder when -128*((-2)/(-4))/(-1) is divided by 22?
20
Let d = -64 + 77. Calculate the remainder when 42 is divided by d.
3
Let g(x) = -x + 6. What is the remainder when (20/8)/((-1)/(-4)) is divided by g(0)?
4
Let v = -16 + 30. Suppose 0 = 3*p - v - 118. Let n = 87 - p. What is the remainder when n is divided by 22?
21
Let m(a) be the second derivative of -4*a + a**2 + 1/12*a**4 - 1/20*a**5 + 0*a**3 + 0. What is the remainder when 40 is divided by m(-2)?
12
Let c(r) = r**2 + 8*r + 2. What is the remainder when 31 is divided by c(-9)?
9
Let a = 9 + 86. Calculate the remainder when a is divided by 6.
5
Let u(x) = 4*x + 2. Suppose 5*s - 4*y = 259, 4*y + 37 + 171 = 4*s. What is the remainder when s is divided by u(4)?
15
Suppose 0 - 8 = -4*k + 5*a, 0 = -3*k - 5*a + 41. Let z(r) = 33*r**2 - r. Calculate the remainder when z(-1) is divided by k.
6
Suppose -2*i + 45 = -5*f - 6*i, -3*i = -5*f - 10. Let a(z) = z**3 + 6*z**2 - z + 2. Calculate the remainder when a(f) is divided by (11/(-2))/(2/(-4)).
10
Let o(s) = -s**3 + 8*s**2 - 3*s + 2. What is the remainder when o(4) is divided by 8?
6
Suppose 2*o - 3 = -o. Let u = o + -2. Let r = 3 + u. Calculate the remainder when r is divided by 1.
0
Let v(r) = -r - 2. Let k be v(5). Let y(m) = -2*m - 3. Let i(s) = s**2 - 5*s - 2. What is the remainder when y(k) is divided by i(6)?
3
Suppose -h + 47 + 18 = 3*m, -5*m - 4*h = -120. Calculate the remainder when m is divided by 7.
6
Let y = -25 - -39. What is the remainder when 27 is divided by y?
13
Let d = 75 - 62. What is the remainder when 38 is divided by d?
12
Let v = -85 + 57. Let z = v - -117. Calculate the remainder when z is divided by 23.
20
Suppose 2*g - 26 = -5*v, -2*v = 5*g - 0*v - 44. Let p(q) = 12*q**2 - 2*q - 1 - 5*q**2 + 7*q**2. Wh